 f(l).
7
Let z(i) = -3*i**2 + 6*i + 7. Let c(b) = 2*b**2 - 5*b - 6. Let y(m) = 6*c(m) + 5*z(m). Let l = 1114 + -1112. What is y(l)?
-13
Let g(j) = -4*j**2 - 4*j + 1. Suppose 5*w = -5*c + 20, -4*c + 4*w - 585 = -561. Calculate g(c).
1
Let b(j) = -4*j**3 + 7*j**2 + j - 20. Let o(s) = 5*s**3 - s**2 + 3. Let n(h) = b(h) + o(h). Determine n(-6).
-23
Let i(y) = 3*y**3 - 7*y**2 - 4*y - 26. Let l(r) = 7*r**3 - 15*r**2 - 7*r - 62. Let p(d) = 9*i(d) - 4*l(d). Calculate p(0).
14
Let i be (-8)/(-10)*(0 - -5). Let y(u) = -6*u + 3*u - 17608*u**2 + 3*u - 4*u + 17610*u**2 - u**3 + 2 + 7*u. Give y(i).
-18
Let z(f) be the third derivative of -f**6/120 - 2*f**5/15 - 7*f**4/24 - 7*f**3/3 - 279*f**2. Calculate z(-7).
-14
Let w(l) = l + 10. Let g(y) = -y**3 - 12*y**2 + 14*y - 193. Let v be g(-14). Give w(v).
13
Let h(t) = -8*t - 2. Suppose 0*r + 171 = 57*r. Suppose -8 = -r*w - 3*v - 17, 2 = -2*v. Give h(w).
14
Let y(g) be the third derivative of g**5/60 - 7*g**4/24 + 3*g**3/2 + 11*g**2 + 4*g. Let b(s) = -15*s + 52. Let w be b(3). Determine y(w).
9
Let c(n) = -n**3 - 22*n**2 + 662*n + 10. Let k be c(17). Let y(g) = -2*g**2 - 38*g - 170. Determine y(k).
-2
Let l(n) = n + 21. Suppose -3*v + 50 - 45 = o, 3*o + 29 = 2*v. Determine l(o).
14
Let v(z) = z**2 - 38*z + 243. Let u be 21/35 + 7*(-142)/(-35). Give v(u).
-18
Let n be (-24)/(-14) - (-3)/(168/16). Let k(u) = 16*u**2 + 1 + 4*u**2 + 2*u + 9*u**n + 3*u**2. What is k(-1)?
31
Let o(k) be the third derivative of 1/120*k**6 - 5*k**2 + 1/4*k**4 - 5*k + 0 + 1/2*k**3 - 2/15*k**5. What is o(7)?
-4
Let q(x) = -4*x**2 + 2*x + 9. Let f(n) = 6*n**2 - n - 10. Let s(z) = 3*f(z) + 4*q(z). Let j(v) = 3*v**2 + 10*v + 9. Let u(t) = 3*j(t) - 5*s(t). Calculate u(7).
-17
Let n(p) be the second derivative of -p**6/360 - p**5/60 - 4*p**4/3 + p**3/3 + 3*p - 14. Let w(d) be the third derivative of n(d). Give w(5).
-12
Let w be -4 - (5327/(-7) - -4). Let y(r) = -1 - 10*r - w*r**2 + 4 + 751*r**2. Determine y(-7).
-25
Suppose 0 = 2*f - 3*f - 2. Let a(w) = 6*w - 6. Let q(u) = -3*u + 2. Let z(j) = 4*a(j) + 9*q(j). Let s(h) = -16*h - 33. Let y(k) = 2*s(k) - 11*z(k). Give y(f).
-2
Suppose 2*y - 7 = -3. Let k(f) = y - f + 0*f - 4*f + 8*f. Let m = 565 - 562. Determine k(m).
11
Let r(q) = -2*q**2 + 12*q - 18. Suppose 4*k = 3*a - 1, -161*k + 162*k - 5*a = -13. Give r(k).
-2
Let k(c) = -c**3 - 9*c**2 + 1. Let f be (-2 - (-10)/8)/((-1)/12). Suppose 1134 = -5*h - f*h. Let q = h - -72. Calculate k(q).
1
Suppose 20*z = -25*z + 13*z - 160. Let g(c) = -c**3 - 8*c**2 - 2*c + 27. Calculate g(z).
-38
Let w be -4 - 2*(-3)/2. Let d = 7 - w. Let i(r) = -18*r**2 + 8*r - 2 + 48*r**2 - 14*r**2 - 17*r**2. What is i(d)?
-2
Let k(y) = 5*y - 3. Let p(b) = -b + 1. Let l(x) = -k(x) - 3*p(x). Let h be l(-2). Let v(m) = m**2 - 3 - 2*m**2 - m + 0*m**2 + 5*m. Calculate v(h).
-3
Let b(d) = 3*d**2 - 22*d + 22. Let z(p) = -p**2 + 8*p - 8. Let w(m) = -4*b(m) - 11*z(m). Let r = 17 + -11. Let x be 0/(r + -2 + -2). What is w(x)?
0
Let l be 2/((-4)/(-14) - 0). Let q(s) be the second derivative of -17*s + 2 - 9/2*s**2 + 1/6*s**3. Calculate q(l).
-2
Suppose 211 = 3*x - 236. Let w(z) = -76 - z - 72 + x. Determine w(1).
0
Let o(b) = -b**2 + 221*b**3 - 220*b**3 - 7*b - 10 - 5*b**2. Let a be (21/6)/((-12)/(-24)). What is o(a)?
-10
Let t(m) be the first derivative of -m**4/6 + 2*m**3/3 + 7*m**2/2 - 5*m - 116. Let z(o) be the second derivative of t(o). Determine z(7).
-24
Let v(p) = 6*p - 86. Let k(r) = r**2 + 51*r - 150. Let s be k(-54). Give v(s).
-14
Let m(s) = 0*s**2 - 2*s + 6 - 17*s + 6*s**2 - 7*s**2. Let c be m(-19). Let o(b) = -b**3 + 7*b**2 - 8*b + 4. Determine o(c).
-8
Let l(f) = 4*f + 2. Suppose 0 = 9*t + 18 - 225. Suppose -3*o = 2*o + 5*m + 35, 0 = 3*o + 5*m + t. What is l(o)?
-22
Suppose 2*h - 4*h = n - 31, -4*h = 5*n - 143. Let l = -68 + 38. Let x = l + n. Let o(b) = 2*b - 3. Give o(x).
-9
Suppose 90*h + 272 = 55 - 53. Let s(k) = 2 - 1 + k - 3 + k**2. Calculate s(h).
4
Let z(h) be the third derivative of -h**4/24 - 11*h**3/6 + 125*h**2 - 4*h - 3. Suppose 60 - 18 = -3*l. What is z(l)?
3
Let o(l) = -l + 3. Let f(d) = d**3 + 19*d**2 + 17*d - 17. Let c be f(-18). Let m be o(c). Let j(i) = 0 + 4*i**2 - 5*i**2 + 1 + 2*i**m. Give j(-1).
2
Let n(l) = -6*l + 6. Let p(o) = -o + 1. Let d(m) = -2*n(m) + 14*p(m). Let g = -216683 + 216680. What is d(g)?
8
Suppose 615*d = 656*d + 205. Let o(h) be the second derivative of -h**4/12 - 2*h**3/3 + 7*h**2/2 - h. Give o(d).
2
Let w(i) = i**2 + 9*i - 24. Let o(p) = 35*p - 1061. Let g be o(30). Give w(g).
-2
Let l(w) = -48843*w + 48867*w - 129 - 3*w**2 + 2*w**2. Give l(10).
11
Let v(c) = 6*c**2 - 123 + 99 + 0*c**2 - 7*c**2 + 4*c + 0*c**2. Calculate v(6).
-36
Let m(z) = 54*z**3 - 55*z**3 + 25*z**2 - 22*z + 89 - 131. Determine m(24).
6
Let w = -34556 - -34557. Let j(g) = 3*g**3 + 3*g**2 - 7*g + 5. Calculate j(w).
4
Let r(t) be the second derivative of -3*t**5/20 - t**4/12 + t**3/3 + t**2 + 7*t - 143. What is r(-1)?
2
Suppose 13*f = 7*f + 222. Let z = f - 30. Let m(l) = l**3 - l - 3204*l**2 - z + 3204*l**2. What is m(0)?
-7
Suppose 11*h - 14*h = 6. Let t(n) = -10*n - 6. Let p(c) = 2*c + 1. Let v(u) = h*t(u) - 11*p(u). Calculate v(-4).
9
Let k(q) be the third derivative of -11*q**4/6 - 479*q**3/6 - 2*q**2 - 105. What is k(-11)?
5
Let a(z) = 528*z + 838*z + 2*z**2 - 12 - 1372*z. Determine a(8).
68
Let z(o) = 20*o**2 + 3*o + 2. Suppose 0 = -5*v - 4*v - 9. Let h be z(v). Let c(d) = 6 + 26*d**3 + 21*d**3 + h*d**3 + d - 65*d**3. Give c(0).
6
Let n(o) = -o + 13 - 25 - 8*o - 10. Let w(a) = -2*a - 1. Let c(q) = -n(q) + 3*w(q). Determine c(-8).
-5
Let m(p) be the second derivative of -p**5/20 + p**4/3 - p**3/6 + 3*p**2/2 - 11*p. Let x = -41 - -45. Suppose 5*l = -5*j + 15, 3*j + 8*l = x*l + 8. Give m(j).
-1
Let u(t) = -6*t**2 + t + 15. Let h(y) be the second derivative of -5*y**4/12 + 6*y**2 - 10*y. Let i(s) = -7*h(s) + 6*u(s). Calculate i(6).
6
Let s(n) = 0 - 1 - 3*n + 0. Let x(l) = -17*l - 25*l + 59*l - 20*l. Let k(b) = -3*s(b) + 2*x(b). Determine k(3).
12
Let l(r) = 26*r - 3. Let h(v) = -23*v + 7. Let x(w) = -12*w + 4. Let s(p) = 3*h(p) - 5*x(p). Let o be (-1 + -1)*16/8. Let b(i) = o*l(i) - 11*s(i). Give b(2).
-9
Let q(k) be the third derivative of 0 - 7/60*k**5 + 0*k + 1/120*k**6 + 7/24*k**4 + 7*k**2 + 1/6*k**3. Suppose 0*u + 3*u - 15 = 0. What is q(u)?
-14
Let n(t) = t**2 - t + 1. Let u = 2 + -1. Suppose 297 - 62 = -16*j + 139. Let k(m) = m**3 - m**2 + 4*m - 1. Let o(r) = j*n(r) + u*k(r). What is o(6)?
17
Let i(u) be the second derivative of u**4/12 + u**3/3 + 3*u**2 - 9621*u. Determine i(9).
105
Let j(a) = a**2 - 6*a - 7. Let u be (1/(3/(-46)))/(20/(-90)). Suppose -72 = 2*c - 4*i, -c - i = -3*c - u. Let q = -27 - c. Give j(q).
0
Let j(b) = -3*b**2. Let u be ((20/(-80))/((-4)/(-24)))/(6/(-4)). What is j(u)?
-3
Let f = 6 - 4. Let r(k) = -2*k**3 + f*k**2 + 166*k + 164*k - 333*k + 2. Determine r(1).
-1
Let p(a) = 2*a**2 + 26*a - 605. Let m(w) = 3*w**2 + 39*w - 907. Let y(r) = 5*m(r) - 7*p(r). Let v(i) be the first derivative of y(i). Determine v(-6).
1
Let d = 1407 + -1409. Let f(p) be the second derivative of 3*p**5/20 + p**4/6 - p**3/3 - 3*p**2/2 - p. Calculate f(d).
-15
Suppose 0*t = -3*t + 27. Let r(x) be the first derivative of -x**2/2 + 17*x + 487. What is r(t)?
8
Let s(l) = l**3 - 2*l**2 - l - 2. Let p = -39 - -44. Suppose 4*n - 12 = 3*u + 11, -p*u = n. Suppose -4*d = -4*k - 20, -3*d - 2*d - n*k = -5. What is s(d)?
4
Suppose 0 = 108*l - 113*l - 4*k - 61, 0 = -3*l + 2*k - 19. Let q(r) = -r**3 - 8*r**2 + 4*r + 4. Calculate q(l).
49
Suppose 0 = 2*z - 2*a - 28, -9*z - 2*a = -5*z - 68. Let t(d) = -3*d + 44. What is t(z)?
-4
Suppose -4 = 3*u - 13. Let j(o) = 1 - 3*o + 5 - u*o. Let v(s) = 7*s - 5. Let z(g) = 6*j(g) + 5*v(g). What is z(8)?
3
Let p(t) be the third derivative of t**6/120 - t**5/60 - t**4/8 + 5*t**3/6 - 970*t**2. Calculate p(3).
14
Let h(x) = -5*x - 5. Let z(k) = k - 3. Let a = -3 - -5. Suppose a*g = -3*i + 3, 3*i + 3*g + g = 9. Let l be z(i). What is h(l)?
15
Let z(k) = -1 + k**2 - 1892*k - 1 + 3 + 1900*k. Determine z(-8).
1
Suppose r + b - 7 = 0, 2*r + 0*b - 10 = -b. Let g(y) = y**r + 159 + 7*y**2 + 5*y - 327 + y + 163. Let k be -1 + 0 + 1*-5. Determine g(k).
-5
Let m(h) be the first derivative of -4*h + 122 + 1/2*h**2. What is m(15)?
11
Let c(f)